 a factor of 3571988?
True
Is 286 a factor of 2328314?
False
Is 235611 a multiple of 12?
False
Is 9 a factor of 324717?
False
Does 9 divide 73689?
False
Is 65 a factor of 4400955?
True
Is 92602 a multiple of 38?
False
Does 470 divide 1241334?
False
Is 142 a factor of 817210?
True
Does 794 divide 1151300?
True
Is 26296 a multiple of 346?
True
Does 127 divide 61468?
True
Is 5373864 a multiple of 12?
True
Is 675086 a multiple of 146?
False
Does 546 divide 3055416?
True
Does 287 divide 1312451?
True
Is 28 a factor of 16380?
True
Is 38 a factor of 1489334?
True
Is 1660197 a multiple of 2?
False
Does 14 divide 4684778?
True
Does 168 divide 36700?
False
Is 43 a factor of 808603?
False
Is 542531 a multiple of 574?
False
Is 16 a factor of 167285?
False
Does 76 divide 289788?
True
Does 14 divide 2410588?
False
Is 92868 a multiple of 3?
True
Is 23 a factor of 2652475?
True
Does 50 divide 346464?
False
Is 613374 a multiple of 204?
False
Is 321457 a multiple of 521?
True
Is 8 a factor of 347373?
False
Is 5 a factor of 8855?
True
Is 89 a factor of 380119?
True
Is 172 a factor of 1359773?
False
Does 367 divide 333236?
True
Is 1885271 a multiple of 387?
False
Does 41 divide 332428?
True
Is 81078 a multiple of 27?
False
Is 24 a factor of 81384?
True
Is 49438 a multiple of 38?
True
Is 113 a factor of 2570863?
True
Is 20 a factor of 1473100?
True
Is 3226496 a multiple of 10?
False
Does 183 divide 1098?
True
Does 473 divide 658006?
False
Is 10045761 a multiple of 11?
True
Does 19 divide 24776?
True
Is 1394 a multiple of 17?
True
Does 7 divide 60545?
False
Is 865740 a multiple of 235?
True
Is 507705 a multiple of 17?
True
Is 188260 a multiple of 110?
False
Is 477982 a multiple of 69?
False
Is 56 a factor of 5329792?
False
Is 4 a factor of 279720?
True
Is 577360 a multiple of 56?
True
Is 18 a factor of 173195?
False
Does 8 divide 118709?
False
Is 6072 a multiple of 22?
True
Does 31 divide 181087?
False
Is 2326935 a multiple of 17?
False
Is 34648 a multiple of 8?
True
Does 10 divide 61310?
True
Is 13 a factor of 414847?
False
Is 29 a factor of 2254818?
False
Does 503 divide 383789?
True
Is 68 a factor of 130968?
True
Is 1868334 a multiple of 78?
True
Does 88 divide 16563184?
True
Is 258856 a multiple of 76?
True
Is 20 a factor of 885780?
True
Does 17 divide 273070?
False
Is 19072 a multiple of 149?
True
Is 118648 a multiple of 8?
True
Is 508 a factor of 647192?
True
Is 22 a factor of 18286?
False
Does 376 divide 11571024?
True
Is 2146242 a multiple of 26?
False
Is 27025 a multiple of 8?
False
Does 5 divide 25921?
False
Is 22 a factor of 83336?
True
Does 43 divide 120766?
False
Is 223644 a multiple of 12?
True
Is 243642 a multiple of 14?
True
Does 11 divide 2131898?
False
Is 82788 a multiple of 9?
False
Is 1897701 a multiple of 3?
True
Is 14476016 a multiple of 2264?
True
Does 130 divide 2270450?
True
Is 11 a factor of 12931869?
False
Is 3399291 a multiple of 553?
True
Is 1438420 a multiple of 212?
True
Does 215 divide 324650?
True
Does 142 divide 443431?
False
Does 71 divide 3167016?
False
Is 4 a factor of 1050557?
False
Is 24 a factor of 2016?
True
Is 995982 a multiple of 13?
True
Is 4 a factor of 68722?
False
Is 306 a factor of 318240?
True
Is 636693 a multiple of 13?
False
Does 341 divide 3796353?
True
Is 2862865 a multiple of 253?
False
Does 232 divide 9371883?
False
Is 177 a factor of 14337?
True
Does 259 divide 426314?
True
Is 1247154 a multiple of 11?
False
Is 222417 a multiple of 47?
False
Is 4817225 a multiple of 44?
False
Does 19 divide 96451?
False
Does 100 divide 9884100?
True
Does 217 divide 61588?
False
Is 219516 a multiple of 33?
True
Is 20 a factor of 105320?
True
Does 86 divide 316618?
False
Does 13 divide 959205?
True
Is 153846 a multiple of 42?
True
Does 128 divide 282880?
True
Is 2102134 a multiple of 362?
True
Does 86 divide 839790?
True
Is 3551652 a multiple of 26?
True
Is 1068227 a multiple of 80?
False
Does 37 divide 5816474?
True
Does 16 divide 185734?
False
Does 17 divide 78575?
False
Is 208 a factor of 161309?
False
Does 183 divide 231116?
False
Does 16 divide 2024638?
False
Does 27 divide 1351484?
False
Does 167 divide 21519?
False
Is 180 a factor of 373680?
True
Is 11648944 a multiple of 16?
True
Is 28 a factor of 6903?
False
Does 17 divide 120751?
True
Is 47374 a multiple of 100?
False
Does 46 divide 940613?
False
Is 654396 a multiple of 210?
False
Is 11 a factor of 464893?
True
Is 31311 a multiple of 21?
True
Does 47 divide 1114309?
False
Is 3 a factor of 2324?
False
Is 2 a factor of 48854?
True
Is 675415 a multiple of 16?
False
Does 29 divide 1249197?
False
Is 51 a factor of 92176?
False
Is 14302632 a multiple of 8?
True
Is 276 a factor of 163944?
True
Does 30 divide 1785330?
True
Is 74 a factor of 218484?
False
Does 331 divide 582632?
False
Does 138 divide 30863838?
True
Is 372896 a multiple of 240?
False
Is 149940 a multiple of 15?
True
Is 59 a factor of 74340?
True
Is 3 a factor of 43739?
False
Is 266032 a multiple of 16?
True
Is 22 a factor of 432696?
True
Is 188396 a multiple of 13?
True
Is 27504 a multiple of 191?
True
Is 4884165 a multiple of 715?
True
Does 34 divide 39629?
False
Is 1591368 a multiple of 33?
False
Does 72 divide 93240?
True
Is 1331407 a multiple of 11?
True
Is 72 a factor of 1087281?
False
Is 42 a factor of 721770?
True
Is 1269544 a multiple of 296?
True
Is 98280 a multiple of 135?
True
Does 14 divide 167473?
False
Is 39 a factor of 36197?
False
Does 10 divide 109770?
True
Does 39 divide 3901100?
False
Is 86549 a multiple of 5?
False
Does 298 divide 589292?
False
Does 16 divide 787376?
True
Does 273 divide 85186?
False
Does 3 divide 123349?
False
Is 30 a factor of 108375?
False
Is 69 a factor of 1912611?
True
Is 8 a factor of 138064?
True
Is 43 a factor of 86925?
False
Does 70 divide 2199395?
False
Does 107 divide 3163883?
True
Is 324069 a multiple of 177?
False
Is 515 a factor of 1136605?
True
Is 63 a factor of 142041?
False
Is 252936 a multiple of 8?
True
Is 4250594 a multiple of 15?
False
Is 473 a factor of 1350334?
False
Does 49 divide 36450?
False
Does 186 divide 92070?
True
Is 227 a factor of 812706?
False
Is 32 a factor of 508256?
True
Is 88500 a multiple of 15?
True
Is 598091 a multiple of 5?
False
Is 384615 a multiple of 259?
True
Is 5 a factor of 1236875?
True
Is 147 a factor of 11871132?
True
Is 228 a factor of 1301919?
False
Is 4 a factor of 1315416?
True
Is 46588 a multiple of 7?
False
Is 21468983 a multiple of 607?
True
Does 11 divide 446963?
True
Is 89 a factor of 952478?
True
Does 42 divide 363464?
False
Does 85 divide 289840?
False
Does 7 divide 5152?
True
Does 20 divide 1584040?
True
Does 46 divide 1301603?
False
Is 6323221 a multiple of 8?
False
Is 6620796 a multiple of 13?
True
Does 173 divide 23995?
False
Is 48 a factor of 20448?
True
Is 1684 a factor of 11879438?
False
Is 117540 a multiple of 33?
False
Is 8 a factor of 5251112?
True
Does 32 divide 1091609?
False
Is 29138 a multiple of 3?
False
Does 2 divide 30712?
True
Is 83 a factor of 22244?
True
Does 6 divide 892283?
False
Is 1901 a factor of 6514727?
True
Is 39753224 a multiple of 85?
False
Does 132 divide 12971621?
False
Is 19 a factor of 30932?
True
Is 1419124 a multiple of 12?
False
Does 40 divide 23040?
True
Is 80 a factor of 1275200?
True
Is 23 a factor of 946542?
True
Is 239 a factor of 43976?
True
Does 3 divide 11992?
False
Does 9 divide 1048131?
True
Does 84 divide 154346?
False
Is 163 a factor of 3199568?
False
Does 346 divide 1135572?
True
Does 26 divide 800638?
False
Is 270684 a multiple of 18?
True
Is 339 a factor of 2192535?
False
Is 6720 a multiple of 4?
True
Is 279 a factor of 256959?
True
Is 349473 a multiple of 194?
False
Is 26 a factor of 63856?
True
Is 25 a factor of 1109873?
False
Does 555 divide 2879227?
False
Is 131478 a multiple of 34?
True
Does 62 divide 605?
False
Is 15 a factor of 7568668?
False
Is 2 a factor of 21578?
True
Is 21 a factor of 155253?
True
Is 153292 a multiple of 34?
False
Is 720577 a multiple of 143?
True
Does 346 divide 210368?
True
Is 430769 a multiple of 13?
False
Does 78 divide 6669?
False
Is 18 a factor of 529848?
True
Is 439 a factor of 8541184?
True
Does 164 divide 26490?
False
Is 7 a factor of 1516585?
True
Does 178 divide 101104?
True
Is 222 a factor of 568102?
False
Is 2075204 a 